{"id":134,"date":"2020-05-10T21:36:39","date_gmt":"2020-05-10T21:36:39","guid":{"rendered":"http:\/\/thomasbeimel.de\/?page_id=134"},"modified":"2024-01-10T16:53:53","modified_gmt":"2024-01-10T16:53:53","slug":"produktionen","status":"publish","type":"page","link":"https:\/\/thomasbeimel.de\/?page_id=134","title":{"rendered":"Produktionen"},"content":{"rendered":"\n<p class=\"has-small-font-size\">1989 Zusammen mit Wuppertaler und K\u00f6lner Musikerinnen Gr\u00fcndung&nbsp;<br>des Ensembles <strong>Partita Radicale<\/strong> f\u00fcr Neue Improvisierte Musik&nbsp;<\/p>\n\n\n\n<p class=\"has-small-font-size\">&#8211; Projekte mit Improvisationen, Filmmusiken, Urauff\u00fchrungen, Kinderprogrammen etc.<br>&#8211; Zusammenarbeit mit KomponistInnen aus Rum\u00e4nien, Israel und Brasilien<br>&#8211; Oktober 1996 gemeinsame Studien klassischer chinesischer Musik an der Musikhochschule Tianjin, China. Er-Hu Untericht bei Prof. Song Guo-Sheng<br>&#8211; Musiktheaterprojekt&nbsp; \u201ekrimi\u201c mit \u201egerman stage service\u201c, Marburg\u201c<br>&#8211; Aquaculi-Musik geht baden\u201d &#8211; Die Inszenierung eines Schwimmbads<br>Regie: Cornelie M\u00fcller<br>&#8211; \u201cMr Wang\u2019s New Face\u201d &#8211; eine interkulturelle Begegnung von Neuer Musik und Pekingoper<br>mit Wen Lei (Gesang)<br>&#8211; \u201cTropeco &#8211; ein transatlantischer Stolperschritt\u201d &#8211; Chico Mello (Komposition)<br>&#8211; \u201cWellen &#8211; im Glanz der Abwesenheit\u201d &#8211; ein visuelles Konzert<br>mit Wasiliki Noulesa (Video)<br>&#8211; un\u00edsonos imposibles \u2013 Kooperation mit Osvaldo Bud\u00f3n (Komposition) + Micaela Perera (Klangskulptur), Montevideo<\/p>\n\n\n<div class=\"wp-block-image is-resized\">\n<figure class=\"alignright size-large\"><img loading=\"lazy\" decoding=\"async\" width=\"423\" height=\"190\" src=\"http:\/\/thomasbeimel.de\/wp-content\/uploads\/2020\/05\/partita_bild.jpg\" alt=\"\" class=\"wp-image-137\" srcset=\"https:\/\/thomasbeimel.de\/wp-content\/uploads\/2020\/05\/partita_bild.jpg 423w, https:\/\/thomasbeimel.de\/wp-content\/uploads\/2020\/05\/partita_bild-300x135.jpg 300w\" sizes=\"(max-width: 423px) 100vw, 423px\" \/><\/figure><\/div>\n\n\n<p class=\"has-small-font-size\">1989-1997 Duo f\u00fcr improvisierte und zeitgen\u00f6ssische Musik <strong>ison <\/strong>mit Karola Pasquay, Querfl\u00f6te.<br>Programme zu Texten von Nelly Sachs, Virginia Woolf, Pablo Picasso<\/p>\n\n\n\n<p class=\"has-small-font-size\">Mit beiden Ensembles Konzerte im In- und Ausland (Belgien, Schweiz, Rum\u00e4nien, Frankreich, Norwegen, China, Albanien, Spanien, Argentinien und Uruguay)<br>Urauff\u00fchrungen, Rundfunkeinspielungen, Masterclasses,Tontr\u00e4ger.<\/p>\n\n\n\n<p class=\"has-small-font-size\">2000 Soloprogramm <strong>Gesang der Engel<\/strong> &#8211; zeitgen\u00f6ssische Musik aus Rum\u00e4nien.<br>Auff\u00fchrungen in Deutschland, Belgien, Schweiz und Spanien.<\/p>\n\n\n\n<p class=\"has-small-font-size\">2003 <strong>Ibn Sahl &#8211; eine Stimme aus Andalusien<\/strong><br>Das gemeinsam mit dem algerischen Musiker Mohamed Mahdi gestaltete Programm widmet sich dem fr\u00fchen interkulturellen Dichter Ibn Sahl (1212-1251) aus Sevilla.<br>Auff\u00fchrungen u.a. beim \u201cInterkulturfestival\u201d Wuppertal, dem internationalen Erz\u00e4hlerfestival \u201cZwischen-Zeiten\u201d Aachen und dem j\u00fcdischen Museum Frankfurt.<\/p>\n\n\n\n<p class=\"has-small-font-size\">2005 <strong>Rosarium<\/strong><br>Cornelie M\u00fcller \/ Thomas Beimel<br>Interkulturelles Musikprojekt: Klanginstallation im Rosengarten der Stadt M\u00fcnchen.<br>Im Rahmen von \u201corts-termine \/ Kunst im \u00f6ffentlichen Raum\u201d.<br>angelegenheiten.de<br><br>Weitere Pr\u00e4sentationen:<br>Botanischer Garten der Stadt Wuppertal, Mai bis Oktober 2009<br>Bauernhofmuseum Jexhof, Sch\u00f6ngeising, Juni &#8211; September 2010<\/p>\n\n\n\n<p class=\"has-small-font-size\">2009 <strong>Klangreden in weiss-gr\u00fcn<\/strong><br>Cornelie M\u00fcller (Konzept + Regie) \/ Thomas Beimel (Komposition + musikalische Leitung)<\/p>\n\n\n<div class=\"wp-block-image\">\n<figure class=\"alignright size-large\"><img loading=\"lazy\" decoding=\"async\" width=\"350\" height=\"231\" src=\"http:\/\/thomasbeimel.de\/wp-content\/uploads\/2020\/05\/volker-gerlath-2.jpg\" alt=\"\" class=\"wp-image-138\" srcset=\"https:\/\/thomasbeimel.de\/wp-content\/uploads\/2020\/05\/volker-gerlath-2.jpg 350w, https:\/\/thomasbeimel.de\/wp-content\/uploads\/2020\/05\/volker-gerlath-2-300x198.jpg 300w\" sizes=\"(max-width: 350px) 100vw, 350px\" \/><\/figure><\/div>\n\n\n<p class=\"has-small-font-size\">Die musikalisch-szenische Installation KLANGREDEN IN WEISS-GR\u00dcN n\u00e4hert sich dem Leben und Werk der Schriftstellerin Grete Weil, geboren 1906 in Rottach-Egern. Die Tochter assimilierter j\u00fcdischer Eltern mit b\u00fcrgerlichem Hintergrund erf\u00e4hrt nach 1933 durch die Nazis die Reduzierung ihres Lebens auf das J\u00fcdischsein. Grete Weil variiert in ihren Texten das zentrale Thema der Judenverfolgung, verkn\u00fcpft damit ihre entscheidenden Erfahrungen der \u00dcberlebens und Weiterlebens nach 1945 und bezieht darauf alle anderen Themen: den griechischen Antigone-Mythos, die Geschichte K\u00f6nig Davids, die Frage nach j\u00fcdischer Identit\u00e4t und die im Sp\u00e4twerk auftauchende Altersthematik.<br>F\u00fcr KLANGREDEN IN WEISS-GR\u00dcN sind Offenheit und Bewegung, N\u00e4he und Distanz grundlegende Parameter der Gestaltung. Musik, Sprache, Darstellung und Zuspielung \u00fcber Lautsprecher werden nach dem Prinzip eines Mobiles in einer daf\u00fcr geschaffenen Rauminstallation zusammengef\u00fcgt.<br><br>Premiere 2009 in der Seidvilla + TamS, M\u00fcnchen<br>2010 Begegnungsst\u00e4tte Alte Synagoge, Wuppertal<br>2012 Internationales K\u00fcnstlerhaus Villa Concordia, Bamberg<\/p>\n\n\n<div class=\"wp-block-image\">\n<figure class=\"alignright size-large\"><a href=\"http:\/\/wunderflunker.de\" target=\"_blank\" rel=\"noreferrer noopener\"><img loading=\"lazy\" decoding=\"async\" width=\"157\" height=\"113\" src=\"http:\/\/thomasbeimel.de\/wp-content\/uploads\/2020\/05\/WunderFlunker_Logo.jpg\" alt=\"\" class=\"wp-image-139\"\/><\/a><\/figure><\/div>\n\n\n<p class=\"has-small-font-size\">2012 <strong>wunderflunkerstadtrundfahrt<\/strong><br><br>Idee, Konzept &amp; Umsetzung : Thomas Beimel + Olaf Reitz<br>Schauspiel : Caroline Keufen<br><br>Die Stadt Wuppertal wird zum Hauptdarsteller. Nicht mit Pauken und Trompeten, sondern mit verborgenen Sch\u00e4tzen. Denn: wer arm ist, muss sich immer wieder neu erfinden \u2013 durch die Begegnung mit der Geschichte und der Kraft der Fantasie.<br>wunderflunkerstadtrundfahrt ist ein St\u00fcck Theater mit Musik in der Form einer Stadtrundfahrt. Die Zuschauer steigen in einen historischen Bus und werden zu ausgew\u00e4hlten Orten gef\u00fchrt, an denen sie dem Wunderbaren der Stadt begegnen. Dabei wurden die einzelnen Stationen in enger Kooperation mit zahlreichen Menschen und Institutionen dieser Stadt gestaltet.<\/p>\n\n\n\n<figure class=\"wp-block-image size-large is-resized\"><img loading=\"lazy\" decoding=\"async\" width=\"1024\" height=\"683\" src=\"http:\/\/thomasbeimel.de\/wp-content\/uploads\/2024\/01\/wunderflunkerAPP_pressefoto-1024x683.jpg\" alt=\"\" class=\"wp-image-315\" style=\"aspect-ratio:1.7777777777777777;object-fit:cover;width:364px;height:auto\" srcset=\"https:\/\/thomasbeimel.de\/wp-content\/uploads\/2024\/01\/wunderflunkerAPP_pressefoto-1024x683.jpg 1024w, https:\/\/thomasbeimel.de\/wp-content\/uploads\/2024\/01\/wunderflunkerAPP_pressefoto-300x200.jpg 300w, https:\/\/thomasbeimel.de\/wp-content\/uploads\/2024\/01\/wunderflunkerAPP_pressefoto-768x512.jpg 768w, https:\/\/thomasbeimel.de\/wp-content\/uploads\/2024\/01\/wunderflunkerAPP_pressefoto-1536x1024.jpg 1536w, https:\/\/thomasbeimel.de\/wp-content\/uploads\/2024\/01\/wunderflunkerAPP_pressefoto-2048x1365.jpg 2048w\" sizes=\"(max-width: 1024px) 100vw, 1024px\" \/><\/figure>\n\n\n\n<p class=\"has-small-font-size\"><br>Eine Produktion der Bergischen Entwicklungsagentur in Zusammenarbeit mit dem Kulturb\u00fcro der Stadt Wuppertal.<\/p>\n\n\n\n<p class=\"has-small-font-size\">2015 <strong>poetOmobile<\/strong><br>eine fahrbare Gedichtwerkstatt<\/p>\n\n\n<div class=\"wp-block-image is-resized\">\n<figure class=\"alignright size-large\"><img loading=\"lazy\" decoding=\"async\" width=\"800\" height=\"537\" src=\"http:\/\/thomasbeimel.de\/wp-content\/uploads\/2020\/05\/poetom.jpg\" alt=\"\" class=\"wp-image-141\" style=\"width:358px;height:auto\" srcset=\"https:\/\/thomasbeimel.de\/wp-content\/uploads\/2020\/05\/poetom.jpg 800w, https:\/\/thomasbeimel.de\/wp-content\/uploads\/2020\/05\/poetom-300x201.jpg 300w, https:\/\/thomasbeimel.de\/wp-content\/uploads\/2020\/05\/poetom-768x516.jpg 768w\" sizes=\"(max-width: 800px) 100vw, 800px\" \/><\/figure><\/div>\n\n\n<p class=\"has-small-font-size\">Olaf Reitz und Thomas Beimel bringen Poesie in den Alltag. In Form eines Stra\u00dfentheaters laden sie das Publikum dazu ein, Verse in Klang und Aktionen zu \u00fcbersetzten.<br>In der eigens daf\u00fcr hergerichteten APE f\u00fchren sie nicht nur Stempelkissen, Spieluhr, Masken und eine Klangschreibmaschine mit, sondern auch Gedichte, die eine kleine Weltreise erlauben: Sie f\u00fchrt von Heinrich Heine und Ulla Hahn (Deutschland) \u00fcber Ernst Jandl (\u00d6sterreich), Abd al-Wahhab Al-Bayati (Irak), Idea Vilari\u00f1o (Uruguay) und Marin Sorescu (Rum\u00e4nien) zu Guillevic (Frankreich). Deren Verse sind Sprungbretter, die einen vom Alltag in die Gefilde der Fantasie katapultieren.<\/p>\n","protected":false},"excerpt":{"rendered":"<p>1989 Zusammen mit Wuppertaler und K\u00f6lner Musikerinnen Gr\u00fcndung&nbsp;des Ensembles Partita Radicale f\u00fcr Neue Improvisierte Musik&nbsp; &#8211; Projekte mit Improvisationen, Filmmusiken, Urauff\u00fchrungen, Kinderprogrammen etc.&#8211; Zusammenarbeit mit KomponistInnen aus Rum\u00e4nien, Israel und Brasilien&#8211; Oktober 1996 gemeinsame Studien klassischer chinesischer Musik an der Musikhochschule Tianjin, China. Er-Hu Untericht bei Prof. Song Guo-Sheng&#8211; Musiktheaterprojekt&nbsp; \u201ekrimi\u201c mit \u201egerman stage service\u201c, &hellip; <a href=\"https:\/\/thomasbeimel.de\/?page_id=134\" class=\"more-link\"><span class=\"screen-reader-text\">Produktionen<\/span> weiterlesen<\/a><\/p>\n","protected":false},"author":1,"featured_media":0,"parent":0,"menu_order":0,"comment_status":"closed","ping_status":"closed","template":"","meta":{"footnotes":""},"_links":{"self":[{"href":"https:\/\/thomasbeimel.de\/index.php?rest_route=\/wp\/v2\/pages\/134"}],"collection":[{"href":"https:\/\/thomasbeimel.de\/index.php?rest_route=\/wp\/v2\/pages"}],"about":[{"href":"https:\/\/thomasbeimel.de\/index.php?rest_route=\/wp\/v2\/types\/page"}],"author":[{"embeddable":true,"href":"https:\/\/thomasbeimel.de\/index.php?rest_route=\/wp\/v2\/users\/1"}],"replies":[{"embeddable":true,"href":"https:\/\/thomasbeimel.de\/index.php?rest_route=%2Fwp%2Fv2%2Fcomments&post=134"}],"version-history":[{"count":5,"href":"https:\/\/thomasbeimel.de\/index.php?rest_route=\/wp\/v2\/pages\/134\/revisions"}],"predecessor-version":[{"id":318,"href":"https:\/\/thomasbeimel.de\/index.php?rest_route=\/wp\/v2\/pages\/134\/revisions\/318"}],"wp:attachment":[{"href":"https:\/\/thomasbeimel.de\/index.php?rest_route=%2Fwp%2Fv2%2Fmedia&parent=134"}],"curies":[{"name":"wp","href":"https:\/\/api.w.org\/{rel}","templated":true}]}}